Let h(j) = j - 11. Let u be h(10). Let f be (-1 + 2)/(2 + u). Suppose f = 4*w - 59. List the prime factors of w.
3, 5
Let n be -170 - 2*3/3. What are the prime factors of n/(-14) + 2/(-7)?
2, 3
Suppose -5*z + 2*j + 32 = 0, -5 = -3*z + 5*j - 1. What are the prime factors of z?
2
Let x(c) = 2*c - 2*c - 12*c. What are the prime factors of x(-2)?
2, 3
Let m = 11 - 5. Let j(r) = r**2 - 4*r + 1. Let y be j(m). Let a = 19 - y. List the prime factors of a.
2, 3
What are the prime factors of 1*(-6)/12*-562?
281
Suppose 0*o = 3*o. Suppose -2*l + 5*l = o. Let f(r) = -r + 7. List the prime factors of f(l).
7
What are the prime factors of 78 - 0*(-3)/6?
2, 3, 13
Let v = -8 + 12. Suppose -3*q = 3*n - 12, 0 = 2*n + v + 4. List the prime factors of q.
2
Let p be 0 + 0/(4 + -3). Let i = -2 - p. Let g(f) = f**2 - 2*f. List the prime factors of g(i).
2
Suppose -2 = 4*v - 10. Suppose -3*i = -u - 6*i - 1, 5*u + v*i = 60. What are the prime factors of u?
2, 7
Let p(r) = r**3 - 12*r**2 + 15*r + 1. Let t be p(11). Suppose f - t = -4*f. What are the prime factors of f?
3
Let r be (-2 - (-2 + -2)) + 0. Let l(x) = 4*x - 2. What are the prime factors of l(r)?
2, 3
Let c(s) = -2*s + 5. Let f be c(6). Let i = 1 - f. Suppose 0 = 4*o - 4*p + 4, -3*o + i*o + 3*p = 27. What are the prime factors of o?
3
Let s(d) = d**3 - 5*d**2 - 4*d - 5. List the prime factors of s(6).
7
List the prime factors of (-49)/((-12)/16 - (-3)/(-12)).
7
Let n(c) = 3*c**3 + c**2 - c + 1. List the prime factors of n(2).
3
Let k(l) be the third derivative of 1/6*l**5 - 3*l**2 + 1/24*l**4 + 0*l**3 + 0 + 0*l. List the prime factors of k(-1).
3
Let r(f) = 3*f**2 + 2*f + 2. Let j be r(-2). Suppose -5*m + j = -35. Suppose 0 = -3*q + m + 24. List the prime factors of q.
11
Let h be 3/12 - 166/(-8). Suppose 0*p + h = p. List the prime factors of p.
3, 7
Suppose -6*f - 4*v = -2*f - 1136, 0 = 2*f - 5*v - 561. What are the prime factors of f?
283
Let v(a) = -a**3 + 4*a**2 - 2*a - 1. Let j be v(2). Let d(t) = -3 - 2*t + 2*t**2 + t + 0*t. List the prime factors of d(j).
2, 3
List the prime factors of (-7224)/(-98) + 2/7.
2, 37
Suppose 6*q - 73 = 5*q. List the prime factors of q.
73
Let x(a) = 5*a**2 - 3*a**2 - 6*a + 7 - a**2. Let c be x(5). What are the prime factors of (c*(-7)/2)/(-1)?
7
Suppose 3*b + 9 = -36. Let o = -9 - b. List the prime factors of o.
2, 3
Let i = -449 + 648. What are the prime factors of i?
199
Let y(a) = 13*a - 59. List the prime factors of y(27).
2, 73
Let x(b) = 10*b + 30. What are the prime factors of x(10)?
2, 5, 13
Let d(b) = b**3 - 7*b**2 + 5*b + 1. Let g be d(6). Let u(w) = -w**2 - 4*w - 5. Let q be u(g). List the prime factors of (q + 1 + -2)/(-1).
11
Suppose 16 = -4*y, -2*o + 3*y + 6 = -14. Let i be o/3 + (-2)/(-3). Let k(q) = -q**2 + 6*q - 3. List the prime factors of k(i).
5
Let v(f) = -18*f + 54. Let j(l) = -6*l + 18. Let q(o) = -16*j(o) + 5*v(o). List the prime factors of q(8).
2, 3, 5
What are the prime factors of 1125/35 - (-1)/(-7)?
2
Let u = 29 + 17. What are the prime factors of u?
2, 23
Suppose -2*s + 3*q = -41, 3*s - 8*s - 4*q = -137. What are the prime factors of s?
5
Suppose 0 = v - n - 4, 4 = 5*v + 3*n - 0. Suppose 5*g + o - 29 = 0, v*o - 3 = -0*g + g. Suppose -y = w - g, -2*y + w = -y - 13. List the prime factors of y.
3
Suppose -2*l = -35 - 5. Suppose -7*c = -3*c - l. Let i = 8 - c. List the prime factors of i.
3
Let t = 4 - -13. Suppose -2*n = -3 - t. List the prime factors of n.
2, 5
Let a = 19 + -31. Let l = a - -10. Let k(d) = -2*d**3 - 2*d**2 + 3*d + 2. List the prime factors of k(l).
2
Suppose r + 18 = -4*x + 322, -848 = -3*r + 4*x. List the prime factors of r.
2, 3
What are the prime factors of ((-5)/(-3))/((-1)/(-9))?
3, 5
Let y = 16 - 34. What are the prime factors of 7*7/((-147)/y)?
2, 3
Let u(s) = -2*s**3 - 6*s**2 - s + 2. List the prime factors of u(-4).
2, 19
Suppose -2*z + 96 = 3*m + 2*z, -3*m + 3*z = -96. What are the prime factors of m?
2
Suppose 11*b + 295 - 2033 = 0. List the prime factors of b.
2, 79
Let x(m) = 15*m**2 + 6*m + 6. List the prime factors of x(-3).
3, 41
List the prime factors of 28/8*5 - (-2)/(-4).
17
Let x = -101 + 147. List the prime factors of x.
2, 23
Let j(n) = -n - 6. Let f be j(-6). Suppose f*v + 4*v - 16 = 0. What are the prime factors of v?
2
Suppose -38 = -2*i + h, -i - h = 4*h - 41. Suppose -4*c = 5*k - i, -3*c + 8 = -2*c + 4*k. List the prime factors of c.
2
Let a(j) = -j**3 - 5*j**2 + 2*j - 6. List the prime factors of a(-6).
2, 3
Suppose 0 = -n + 6 + 7. Let o = n - 1. Suppose o - 4 = c. List the prime factors of c.
2
Let t(w) = 5*w**2 + 12*w - 15. What are the prime factors of t(-8)?
11, 19
Suppose 32 = 2*u - u. Suppose 2*k - u = -2*k. What are the prime factors of k?
2
Suppose -4*t + 61 = 13. What are the prime factors of t?
2, 3
Let l be (-3 + -1)*3/(-4). Let s be (3 - l)*(-2)/4. Suppose x + 4*b + 9 = s, 3*b - 5*b = 6. What are the prime factors of x?
3
Suppose -3*d - 12 = -0*d. List the prime factors of -86*(-4 - 14/d).
43
Let k = 5 + 2. Suppose 12 = 2*u - u. Let i = u - k. List the prime factors of i.
5
Let y be 4/(-10) - 4/(-10). Suppose -5*n + 83 + 12 = y. List the prime factors of n.
19
Suppose 0 = 3*r + r - 20. Suppose v = l + 3, -4*l + 5 = r*v + l. Suppose -2*d - 2*x + 8 = 0, v*x = 4*d - 2*d - 16. List the prime factors of d.
2, 3
Let t be 10*3*8/2. Suppose 10*j - t = 5*j. What are the prime factors of j?
2, 3
Let u be -51*((-7)/(-3) - 1). Let g = -42 - u. List the prime factors of g.
2, 13
Let g be 2/4 + 10/4. Suppose 6*x - 87 = g*x. List the prime factors of x.
29
Let d(p) = -p**2 + 5*p - 3. Let v be d(5). Let m = v - -3. Suppose m = -3*q - q + 16, h - 2*q = 3. List the prime factors of h.
11
Let x(h) = h**2 - 8*h + 3. Let a be x(7). Let i(d) = -3*d - 5. List the prime factors of i(a).
7
Suppose -3*r + 3*q = -21, 5*q = r - 4 - 23. Suppose v = t - 14, t + r*v - 5 = 6*v. What are the prime factors of t?
17
Let u be (-102)/27 - (-2)/(-9). Let b = 15 + u. Suppose n = -1 + b. What are the prime factors of n?
2, 5
Suppose 2*j - g = 41, -5*j + 17 = -4*j + 3*g. What are the prime factors of j?
2, 5
Let m(r) = -r**2 + 1. Let h be m(1). Suppose -4*c - 7 - 1 = h. What are the prime factors of c/8 + 99/12?
2
Suppose 4*t = -4*f + 268, -2*f - 14 = -4. What are the prime factors of t?
2, 3
Suppose 2*y = 2 + 4. List the prime factors of (3 + -26)*(y - 4).
23
Let p(h) be the second derivative of -h**3/2 - 7*h**2 + 7*h. List the prime factors of p(-12).
2, 11
List the prime factors of 1/(3/(-921))*(-12 - -11).
307
Let l = 24 + -16. List the prime factors of l.
2
Suppose -2*v = 10, -5*o = -3*v - 50 - 1105. List the prime factors of o.
2, 3, 19
Let i be 1/(2/88) + 1. Suppose 93 = 5*n + 5*o + 18, 0 = -3*n + 4*o + i. Let w = n - 4. What are the prime factors of w?
11
Suppose -3*g = -17 + 5. Suppose -s - g*s = -100. What are the prime factors of s?
2, 5
Let c(x) = -2*x**2 + 9*x - 2. Let y be c(6). Let w be (-24)/(-10) + 8/y. Suppose -4 = -w*n + n. What are the prime factors of n?
2
Let q(m) = 19*m**2 - 3*m + 3. Let n be q(2). Suppose -2*d + 110 = 4*u, 4*d - 23 + n = 2*u. Let t = -19 + u. List the prime factors of t.
2
Let r(t) = t**2 + 6*t - 2. Let b be r(-7). Suppose 4*o + 4*v = 36, -2*v + b = -v. Suppose 0 = o*l + 5*p + 7, -7 = 3*l - 2*l + 3*p. List the prime factors of l.
2
Suppose -5*q - 80 + 290 = 0. What are the prime factors of q?
2, 3, 7
List the prime factors of 102/(-9)*9/(-6).
17
Let m be (-2)/((4/24)/(-1)). Suppose 0 = 2*r - 20 - m. List the prime factors of r.
2
Suppose -4*u - 5 = 7. Let f = 8 + u. Suppose f*b + 3*v = 54, -3 = -2*v - 7. List the prime factors of b.
2, 3
Let u(t) = t**2 - 2*t - 3. Suppose 0 = -5*j + 31 - 1. Let f be (-1 + 15/j)*-2. List the prime factors of u(f).
2, 3
Let x(y) = 5*y**3 + 4*y**2 - 3*y - 2. What are the prime factors of x(3)?
2, 5
What are the prime factors of -2*(1 + (-395)/10)?
7, 11
Suppose 2*p + 0*k - 68 = -2*k, 5*p - 130 = 5*k. List the prime factors of p.
2, 3, 5
Let y(g) be the third derivative of g**4/24 + 13*g**3/6 + 4*g**2. List the prime factors of y(0).
13
Suppose 0*o = 4*o + 4*d - 292, -3*o + 3*d = -189. List the prime factors of o.
2, 17
Let l = 60 + -21. What are the prime factors of l?
3, 13
Suppose -6 = x - 46. Let g = -23 + x. List the prime factors of g.
17
Let r(g)